{"id":131,"date":"2024-03-22T14:07:14","date_gmt":"2024-03-22T13:07:14","guid":{"rendered":"https:\/\/kreditdaneben.com\/?page_id=131"},"modified":"2025-04-20T21:37:35","modified_gmt":"2025-04-20T19:37:35","slug":"pret-automobile","status":"publish","type":"page","link":"https:\/\/kreditdaneben.com\/index.php\/pret-automobile\/","title":{"rendered":"Pr\u00eat automobile"},"content":{"rendered":"\t\t<div data-elementor-type=\"wp-page\" data-elementor-id=\"131\" class=\"elementor elementor-131\" data-elementor-post-type=\"page\">\n\t\t\t\t<div class=\"elementor-element elementor-element-08fe6c3 e-flex e-con-boxed e-con e-parent\" data-id=\"08fe6c3\" data-element_type=\"container\" data-settings=\"{&quot;background_background&quot;:&quot;classic&quot;}\" data-core-v316-plus=\"true\">\n\t\t\t\t\t<div class=\"e-con-inner\">\n\t\t\t\t<div class=\"elementor-element elementor-element-b166801 elementor-widget elementor-widget-heading\" data-id=\"b166801\" data-element_type=\"widget\" data-widget_type=\"heading.default\">\n\t\t\t\t<div class=\"elementor-widget-container\">\n\t\t\t<style>\/*! elementor - v3.20.0 - 20-03-2024 *\/\n.elementor-heading-title{padding:0;margin:0;line-height:1}.elementor-widget-heading .elementor-heading-title[class*=elementor-size-]>a{color:inherit;font-size:inherit;line-height:inherit}.elementor-widget-heading .elementor-heading-title.elementor-size-small{font-size:15px}.elementor-widget-heading .elementor-heading-title.elementor-size-medium{font-size:19px}.elementor-widget-heading .elementor-heading-title.elementor-size-large{font-size:29px}.elementor-widget-heading .elementor-heading-title.elementor-size-xl{font-size:39px}.elementor-widget-heading .elementor-heading-title.elementor-size-xxl{font-size:59px}<\/style><h2 class=\"elementor-heading-title elementor-size-default\">Cr\u00e9dit auto : financez votre nouvelle voiture<\/h2>\t\t<\/div>\n\t\t\t\t<\/div>\n\t\t\t\t\t<\/div>\n\t\t\t\t<\/div>\n\t\t<div class=\"elementor-element elementor-element-84993ef e-flex e-con-boxed e-con e-parent\" data-id=\"84993ef\" data-element_type=\"container\" data-core-v316-plus=\"true\">\n\t\t\t\t\t<div class=\"e-con-inner\">\n\t\t<div class=\"elementor-element elementor-element-4b9f3c2 e-flex e-con-boxed e-con e-child\" data-id=\"4b9f3c2\" data-element_type=\"container\">\n\t\t\t\t\t<div class=\"e-con-inner\">\n\t\t<div class=\"elementor-element elementor-element-c6dda0a e-con-full e-flex e-con e-child\" data-id=\"c6dda0a\" data-element_type=\"container\">\n\t\t\t\t<div class=\"elementor-element elementor-element-fb1052e elementor-widget elementor-widget-heading\" data-id=\"fb1052e\" data-element_type=\"widget\" data-widget_type=\"heading.default\">\n\t\t\t\t<div class=\"elementor-widget-container\">\n\t\t\t<h2 class=\"elementor-heading-title elementor-size-default\">Le pr\u00eat auto DANEBEN KREDIT<\/h2>\t\t<\/div>\n\t\t\t\t<\/div>\n\t\t\t\t<div class=\"elementor-element elementor-element-a29ec13 elementor-widget elementor-widget-text-editor\" data-id=\"a29ec13\" data-element_type=\"widget\" data-widget_type=\"text-editor.default\">\n\t\t\t\t<div class=\"elementor-widget-container\">\n\t\t\t<style>\/*! elementor - v3.20.0 - 20-03-2024 *\/\n.elementor-widget-text-editor.elementor-drop-cap-view-stacked .elementor-drop-cap{background-color:#69727d;color:#fff}.elementor-widget-text-editor.elementor-drop-cap-view-framed .elementor-drop-cap{color:#69727d;border:3px solid;background-color:transparent}.elementor-widget-text-editor:not(.elementor-drop-cap-view-default) .elementor-drop-cap{margin-top:8px}.elementor-widget-text-editor:not(.elementor-drop-cap-view-default) .elementor-drop-cap-letter{width:1em;height:1em}.elementor-widget-text-editor .elementor-drop-cap{float:left;text-align:center;line-height:1;font-size:50px}.elementor-widget-text-editor .elementor-drop-cap-letter{display:inline-block}<\/style>\t\t\t\t<p class=\"pedagogy__subtitle\">Un Pr\u00eat Auto adapt\u00e9 \u00e0 vos envies de voiture auquel vous pouvez souscrire <span class=\"link-green\">100% en ligne\u00a0<\/span><\/p><div class=\"pedagogy__text\"><p>Vous souhaitez acheter une voiture ? Neuve ou d\u2019occasion, avec ou sans apport, quel que soit votre v\u00e9hicule de r\u00eave, le pr\u00eat auto vous permet de le r\u00e9aliser sereinement.<\/p><\/div>\t\t\t\t\t\t<\/div>\n\t\t\t\t<\/div>\n\t\t<div class=\"elementor-element elementor-element-c5694d3 e-grid e-con-boxed e-con e-child\" data-id=\"c5694d3\" data-element_type=\"container\">\n\t\t\t\t\t<div class=\"e-con-inner\">\n\t\t<div class=\"elementor-element elementor-element-3fe1bab e-flex e-con-boxed e-con e-child\" data-id=\"3fe1bab\" data-element_type=\"container\">\n\t\t\t\t\t<div class=\"e-con-inner\">\n\t\t\t\t<div class=\"elementor-element elementor-element-c7837a7 elementor-widget elementor-widget-heading\" data-id=\"c7837a7\" data-element_type=\"widget\" data-widget_type=\"heading.default\">\n\t\t\t\t<div class=\"elementor-widget-container\">\n\t\t\t<h2 class=\"elementor-heading-title elementor-size-default\">Etape 1 : <\/h2>\t\t<\/div>\n\t\t\t\t<\/div>\n\t\t\t\t<div class=\"elementor-element elementor-element-88efd4e elementor-widget elementor-widget-heading\" data-id=\"88efd4e\" data-element_type=\"widget\" data-widget_type=\"heading.default\">\n\t\t\t\t<div class=\"elementor-widget-container\">\n\t\t\t<p class=\"elementor-heading-title elementor-size-default\">Souscrivez au pr\u00eat automobile en ligne<\/p>\t\t<\/div>\n\t\t\t\t<\/div>\n\t\t\t\t\t<\/div>\n\t\t\t\t<\/div>\n\t\t<div class=\"elementor-element elementor-element-216728d e-flex e-con-boxed e-con e-child\" data-id=\"216728d\" data-element_type=\"container\">\n\t\t\t\t\t<div class=\"e-con-inner\">\n\t\t\t\t<div class=\"elementor-element elementor-element-80b0b85 elementor-widget elementor-widget-heading\" data-id=\"80b0b85\" data-element_type=\"widget\" data-widget_type=\"heading.default\">\n\t\t\t\t<div class=\"elementor-widget-container\">\n\t\t\t<h2 class=\"elementor-heading-title elementor-size-default\">Etape 2 : <\/h2>\t\t<\/div>\n\t\t\t\t<\/div>\n\t\t\t\t<div class=\"elementor-element elementor-element-0b42375 elementor-widget elementor-widget-heading\" data-id=\"0b42375\" data-element_type=\"widget\" data-widget_type=\"heading.default\">\n\t\t\t\t<div class=\"elementor-widget-container\">\n\t\t\t<p class=\"elementor-heading-title elementor-size-default\">Obtenez une r\u00e9ponse de principe imm\u00e9diate<\/p>\t\t<\/div>\n\t\t\t\t<\/div>\n\t\t\t\t\t<\/div>\n\t\t\t\t<\/div>\n\t\t<div class=\"elementor-element elementor-element-c4e8949 e-flex e-con-boxed e-con e-child\" data-id=\"c4e8949\" data-element_type=\"container\">\n\t\t\t\t\t<div class=\"e-con-inner\">\n\t\t\t\t<div class=\"elementor-element elementor-element-c02b341 elementor-widget elementor-widget-heading\" data-id=\"c02b341\" data-element_type=\"widget\" data-widget_type=\"heading.default\">\n\t\t\t\t<div class=\"elementor-widget-container\">\n\t\t\t<h2 class=\"elementor-heading-title elementor-size-default\">Etape 3 : <\/h2>\t\t<\/div>\n\t\t\t\t<\/div>\n\t\t\t\t<div class=\"elementor-element elementor-element-1995de3 elementor-widget elementor-widget-heading\" data-id=\"1995de3\" data-element_type=\"widget\" data-widget_type=\"heading.default\">\n\t\t\t\t<div class=\"elementor-widget-container\">\n\t\t\t<p class=\"elementor-heading-title elementor-size-default\">Recevez les fonds d\u00e8s acceptation de votre dossier <\/p>\t\t<\/div>\n\t\t\t\t<\/div>\n\t\t\t\t\t<\/div>\n\t\t\t\t<\/div>\n\t\t<div class=\"elementor-element elementor-element-b8708ec e-flex e-con-boxed e-con e-child\" data-id=\"b8708ec\" data-element_type=\"container\">\n\t\t\t\t\t<div class=\"e-con-inner\">\n\t\t\t\t<div class=\"elementor-element elementor-element-803b2c4 elementor-widget elementor-widget-heading\" data-id=\"803b2c4\" data-element_type=\"widget\" data-widget_type=\"heading.default\">\n\t\t\t\t<div class=\"elementor-widget-container\">\n\t\t\t<h2 class=\"elementor-heading-title elementor-size-default\">Montant emprunt\u00e9: <\/h2>\t\t<\/div>\n\t\t\t\t<\/div>\n\t\t\t\t<div class=\"elementor-element elementor-element-2c325e2 elementor-widget elementor-widget-heading\" data-id=\"2c325e2\" data-element_type=\"widget\" data-widget_type=\"heading.default\">\n\t\t\t\t<div class=\"elementor-widget-container\">\n\t\t\t<p class=\"elementor-heading-title elementor-size-default\">Jusqu'\u00e0 75 000 \u20ac<\/p>\t\t<\/div>\n\t\t\t\t<\/div>\n\t\t\t\t\t<\/div>\n\t\t\t\t<\/div>\n\t\t\t\t\t<\/div>\n\t\t\t\t<\/div>\n\t\t\t\t<\/div>\n\t\t<div class=\"elementor-element elementor-element-83407a5 e-con-full e-flex e-con e-child\" data-id=\"83407a5\" data-element_type=\"container\">\n\t\t\t\t<div class=\"elementor-element elementor-element-47ed79d elementor-widget elementor-widget-image\" data-id=\"47ed79d\" data-element_type=\"widget\" data-widget_type=\"image.default\">\n\t\t\t\t<div class=\"elementor-widget-container\">\n\t\t\t<style>\/*! elementor - v3.20.0 - 20-03-2024 *\/\n.elementor-widget-image{text-align:center}.elementor-widget-image a{display:inline-block}.elementor-widget-image a img[src$=\".svg\"]{width:48px}.elementor-widget-image img{vertical-align:middle;display:inline-block}<\/style>\t\t\t\t\t\t\t\t\t\t<img fetchpriority=\"high\" decoding=\"async\" width=\"700\" height=\"400\" src=\"https:\/\/kreditdaneben.com\/wp-content\/uploads\/2025\/03\/Pret-automobile.jpg\" class=\"attachment-large size-large wp-image-844\" alt=\"\" srcset=\"https:\/\/kreditdaneben.com\/wp-content\/uploads\/2025\/03\/Pret-automobile.jpg 700w, https:\/\/kreditdaneben.com\/wp-content\/uploads\/2025\/03\/Pret-automobile-300x171.jpg 300w\" sizes=\"(max-width: 700px) 100vw, 700px\" \/>\t\t\t\t\t\t\t\t\t\t\t\t\t<\/div>\n\t\t\t\t<\/div>\n\t\t\t\t<\/div>\n\t\t\t\t\t<\/div>\n\t\t\t\t<\/div>\n\t\t\t\t\t<\/div>\n\t\t\t\t<\/div>\n\t\t<div class=\"elementor-element elementor-element-a355e8c e-flex e-con-boxed e-con e-parent\" data-id=\"a355e8c\" data-element_type=\"container\" data-core-v316-plus=\"true\">\n\t\t\t\t\t<div class=\"e-con-inner\">\n\t\t<div class=\"elementor-element elementor-element-0e7d4b4 e-flex e-con-boxed e-con e-child\" data-id=\"0e7d4b4\" data-element_type=\"container\" data-settings=\"{&quot;shape_divider_top&quot;:&quot;triangle-asymmetrical&quot;}\">\n\t\t\t\t\t<div class=\"e-con-inner\">\n\t\t\t\t<div class=\"elementor-shape elementor-shape-top\" data-negative=\"false\">\n\t\t\t<svg xmlns=\"http:\/\/www.w3.org\/2000\/svg\" viewBox=\"0 0 1000 100\" preserveAspectRatio=\"none\">\n\t<path class=\"elementor-shape-fill\" d=\"M738,99l262-93V0H0v5.6L738,99z\"\/>\n<\/svg>\t\t<\/div>\n\t\t\t\t<div class=\"elementor-element elementor-element-b16c836 elementor-widget elementor-widget-heading\" data-id=\"b16c836\" data-element_type=\"widget\" data-widget_type=\"heading.default\">\n\t\t\t\t<div class=\"elementor-widget-container\">\n\t\t\t<h2 class=\"elementor-heading-title elementor-size-default\">Les avantages du Pr\u00eat Personnel<\/h2>\t\t<\/div>\n\t\t\t\t<\/div>\n\t\t\t\t<div class=\"elementor-element elementor-element-cb115ae elementor-widget elementor-widget-text-editor\" data-id=\"cb115ae\" data-element_type=\"widget\" data-widget_type=\"text-editor.default\">\n\t\t\t\t<div class=\"elementor-widget-container\">\n\t\t\t\t\t\t\t<h3><strong>Un montant et une dur\u00e9e d\u00e9termin\u00e9s<\/strong><\/h3><p>Pour vos petits et grands projets personnels, vous empruntez entre 5<strong>\u00a0001 \u20ac et 75 000 \u20ac<\/strong>, que vous remboursez en\u00a0<strong>12 \u00e0 120 mois<\/strong>.<\/p><p>Vos mensualit\u00e9s varient en fonction de la dur\u00e9e du remboursement de votre cr\u00e9dit auto !<\/p>\t\t\t\t\t\t<\/div>\n\t\t\t\t<\/div>\n\t\t\t\t<div class=\"elementor-element elementor-element-07196cf elementor-widget elementor-widget-text-editor\" data-id=\"07196cf\" data-element_type=\"widget\" data-widget_type=\"text-editor.default\">\n\t\t\t\t<div class=\"elementor-widget-container\">\n\t\t\t\t\t\t\t<h3><strong>Un taux qui ne change pas<\/strong><\/h3><p>Choisir le Pr\u00eat Auto, c\u2019est b\u00e9n\u00e9ficier d\u2019un Taux Annuel Effectif Global (TAEG) fixe de 1<strong>,900 %\u00a0<\/strong>\u00e0\u00a0<strong>12,930 %\u00a0<\/strong>en fonction de la dur\u00e9e de votre remboursement et du montant choisi. Ainsi, d\u00e8s la signature de votre offre de cr\u00e9dit auto, vous connaissez les conditions de votre emprunt et son co\u00fbt total pour \u00e9viter les mauvaises surprises !<\/p>\t\t\t\t\t\t<\/div>\n\t\t\t\t<\/div>\n\t\t\t\t<div class=\"elementor-element elementor-element-6428bd5 elementor-widget elementor-widget-text-editor\" data-id=\"6428bd5\" data-element_type=\"widget\" data-widget_type=\"text-editor.default\">\n\t\t\t\t<div class=\"elementor-widget-container\">\n\t\t\t\t\t\t\t<h3><strong>Gestion simple de votre Pr\u00eat Perso Auto<\/strong><\/h3><p>Vous recevez le capital emprunt\u00e9 en une fois sur votre compte bancaire et utilisez l\u2019argent pour\u00a0financer votre auto. Une fois tous les 6 mois, vous pouvez faire une pause,\u00a0modifier vos mensualit\u00e9s ou rembourser tout ou partie de votre cr\u00e9dit auto<\/p>\t\t\t\t\t\t<\/div>\n\t\t\t\t<\/div>\n\t\t\t\t\t<\/div>\n\t\t\t\t<\/div>\n\t\t\t\t\t<\/div>\n\t\t\t\t<\/div>\n\t\t<div class=\"elementor-element elementor-element-52d4d86 e-flex e-con-boxed e-con e-parent\" data-id=\"52d4d86\" data-element_type=\"container\" data-core-v316-plus=\"true\">\n\t\t\t\t\t<div class=\"e-con-inner\">\n\t\t<div class=\"elementor-element elementor-element-49a3a24 e-flex e-con-boxed e-con e-child\" data-id=\"49a3a24\" data-element_type=\"container\">\n\t\t\t\t\t<div class=\"e-con-inner\">\n\t\t\t\t<div class=\"elementor-element elementor-element-1db92cd elementor-cta--skin-classic elementor-animated-content elementor-bg-transform elementor-bg-transform-zoom-in elementor-widget elementor-widget-call-to-action\" data-id=\"1db92cd\" data-element_type=\"widget\" data-widget_type=\"call-to-action.default\">\n\t\t\t\t<div class=\"elementor-widget-container\">\n\t\t\t<link rel=\"stylesheet\" href=\"https:\/\/kreditdaneben.com\/wp-content\/plugins\/elementor-pro\/assets\/css\/widget-call-to-action.min.css\">\t\t<div class=\"elementor-cta\">\n\t\t\t\t\t\t\t<div class=\"elementor-cta__content\">\n\t\t\t\t\n\t\t\t\t<h2 class=\"elementor-cta__title elementor-cta__content-item elementor-content-item\">Vous h\u00e9sitez encore ?<\/h2>\n\t\t\t\t\t\t\t\t\t<div class=\"elementor-cta__description elementor-cta__content-item elementor-content-item\">\n\t\t\t\t\t\tDANEBEN KREDIT vous aide \u00e0 trouver le cr\u00e9dit qui est vraiment fait pour vous.\t\t\t\t\t<\/div>\n\t\t\t\t\n\t\t\t\t\t\t\t\t\t<div class=\"elementor-cta__button-wrapper elementor-cta__content-item elementor-content-item \">\n\t\t\t\t\t<a class=\"elementor-cta__button elementor-button elementor-size-sm\" href=\"https:\/\/kreditdaneben.com\/index.php\/demander-un-credit\/\">\n\t\t\t\t\t\tDemander un cr\u00e9dit\t\t\t\t\t<\/a>\n\t\t\t\t\t<\/div>\n\t\t\t\t\t\t\t<\/div>\n\t\t\t\t\t\t<\/div>\n\t\t\t\t<\/div>\n\t\t\t\t<\/div>\n\t\t\t\t\t<\/div>\n\t\t\t\t<\/div>\n\t\t\t\t\t<\/div>\n\t\t\t\t<\/div>\n\t\t\t\t<\/div>\n\t\t","protected":false},"excerpt":{"rendered":"<p>Cr\u00e9dit auto : financez votre nouvelle voiture Le pr\u00eat auto DANEBEN KREDIT Un Pr\u00eat Auto adapt\u00e9 \u00e0 vos envies de voiture auquel vous pouvez souscrire 100% en ligne\u00a0 Vous souhaitez acheter une voiture ? Neuve ou d\u2019occasion, avec ou sans apport, quel que soit votre v\u00e9hicule de r\u00eave, le pr\u00eat auto vous permet de le [&hellip;]<\/p>\n","protected":false},"author":1,"featured_media":0,"parent":0,"menu_order":0,"comment_status":"closed","ping_status":"closed","template":"elementor_header_footer","meta":{"footnotes":""},"class_list":["post-131","page","type-page","status-publish","hentry"],"yoast_head":"<!-- This site is optimized with the Yoast SEO plugin v24.0 - https:\/\/yoast.com\/wordpress\/plugins\/seo\/ -->\n<title>Pr\u00eat automobile - DANEBEN KREDIT<\/title>\n<meta name=\"robots\" content=\"index, follow, max-snippet:-1, max-image-preview:large, max-video-preview:-1\" \/>\n<link rel=\"canonical\" href=\"https:\/\/kreditdaneben.com\/index.php\/pret-automobile\/\" \/>\n<meta property=\"og:locale\" content=\"fr_FR\" \/>\n<meta property=\"og:type\" content=\"article\" \/>\n<meta property=\"og:title\" content=\"Pr\u00eat automobile - DANEBEN KREDIT\" \/>\n<meta property=\"og:description\" content=\"Cr\u00e9dit auto : financez votre nouvelle voiture Le pr\u00eat auto DANEBEN KREDIT Un Pr\u00eat Auto adapt\u00e9 \u00e0 vos envies de voiture auquel vous pouvez souscrire 100% en ligne\u00a0 Vous souhaitez acheter une voiture ? Neuve ou d\u2019occasion, avec ou sans apport, quel que soit votre v\u00e9hicule de r\u00eave, le pr\u00eat auto vous permet de le [&hellip;]\" \/>\n<meta property=\"og:url\" content=\"https:\/\/kreditdaneben.com\/index.php\/pret-automobile\/\" \/>\n<meta property=\"og:site_name\" content=\"DANEBEN KREDIT\" \/>\n<meta property=\"article:modified_time\" content=\"2025-04-20T19:37:35+00:00\" \/>\n<meta property=\"og:image\" content=\"https:\/\/kreditdaneben.com\/wp-content\/uploads\/2025\/03\/Pret-automobile.jpg\" \/>\n\t<meta property=\"og:image:width\" content=\"700\" \/>\n\t<meta property=\"og:image:height\" content=\"400\" \/>\n\t<meta property=\"og:image:type\" content=\"image\/jpeg\" \/>\n<meta name=\"twitter:card\" content=\"summary_large_image\" \/>\n<meta name=\"twitter:label1\" content=\"Dur\u00e9e de lecture estim\u00e9e\" \/>\n\t<meta name=\"twitter:data1\" content=\"2 minutes\" \/>\n<script type=\"application\/ld+json\" class=\"yoast-schema-graph\">{\"@context\":\"https:\/\/schema.org\",\"@graph\":[{\"@type\":\"WebPage\",\"@id\":\"https:\/\/kreditdaneben.com\/index.php\/pret-automobile\/\",\"url\":\"https:\/\/kreditdaneben.com\/index.php\/pret-automobile\/\",\"name\":\"Pr\u00eat automobile - DANEBEN KREDIT\",\"isPartOf\":{\"@id\":\"https:\/\/kreditdaneben.com\/#website\"},\"primaryImageOfPage\":{\"@id\":\"https:\/\/kreditdaneben.com\/index.php\/pret-automobile\/#primaryimage\"},\"image\":{\"@id\":\"https:\/\/kreditdaneben.com\/index.php\/pret-automobile\/#primaryimage\"},\"thumbnailUrl\":\"https:\/\/kreditdaneben.com\/wp-content\/uploads\/2025\/03\/Pret-automobile.jpg\",\"datePublished\":\"2024-03-22T13:07:14+00:00\",\"dateModified\":\"2025-04-20T19:37:35+00:00\",\"breadcrumb\":{\"@id\":\"https:\/\/kreditdaneben.com\/index.php\/pret-automobile\/#breadcrumb\"},\"inLanguage\":\"fr-FR\",\"potentialAction\":[{\"@type\":\"ReadAction\",\"target\":[\"https:\/\/kreditdaneben.com\/index.php\/pret-automobile\/\"]}]},{\"@type\":\"ImageObject\",\"inLanguage\":\"fr-FR\",\"@id\":\"https:\/\/kreditdaneben.com\/index.php\/pret-automobile\/#primaryimage\",\"url\":\"https:\/\/kreditdaneben.com\/wp-content\/uploads\/2025\/03\/Pret-automobile.jpg\",\"contentUrl\":\"https:\/\/kreditdaneben.com\/wp-content\/uploads\/2025\/03\/Pret-automobile.jpg\",\"width\":700,\"height\":400},{\"@type\":\"BreadcrumbList\",\"@id\":\"https:\/\/kreditdaneben.com\/index.php\/pret-automobile\/#breadcrumb\",\"itemListElement\":[{\"@type\":\"ListItem\",\"position\":1,\"name\":\"Accueil\",\"item\":\"https:\/\/kreditdaneben.com\/\"},{\"@type\":\"ListItem\",\"position\":2,\"name\":\"Pr\u00eat automobile\"}]},{\"@type\":\"WebSite\",\"@id\":\"https:\/\/kreditdaneben.com\/#website\",\"url\":\"https:\/\/kreditdaneben.com\/\",\"name\":\"Crevits Financer\",\"description\":\"Le cr\u00e9dit qu&#039;il vous faut\",\"publisher\":{\"@id\":\"https:\/\/kreditdaneben.com\/#organization\"},\"potentialAction\":[{\"@type\":\"SearchAction\",\"target\":{\"@type\":\"EntryPoint\",\"urlTemplate\":\"https:\/\/kreditdaneben.com\/?s={search_term_string}\"},\"query-input\":{\"@type\":\"PropertyValueSpecification\",\"valueRequired\":true,\"valueName\":\"search_term_string\"}}],\"inLanguage\":\"fr-FR\"},{\"@type\":\"Organization\",\"@id\":\"https:\/\/kreditdaneben.com\/#organization\",\"name\":\"Crevits Financer\",\"url\":\"https:\/\/kreditdaneben.com\/\",\"logo\":{\"@type\":\"ImageObject\",\"inLanguage\":\"fr-FR\",\"@id\":\"https:\/\/kreditdaneben.com\/#\/schema\/logo\/image\/\",\"url\":\"https:\/\/kreditdaneben.com\/wp-content\/uploads\/2024\/03\/cropped-logo-daneben.jpg\",\"contentUrl\":\"https:\/\/kreditdaneben.com\/wp-content\/uploads\/2024\/03\/cropped-logo-daneben.jpg\",\"width\":512,\"height\":146,\"caption\":\"Crevits Financer\"},\"image\":{\"@id\":\"https:\/\/kreditdaneben.com\/#\/schema\/logo\/image\/\"}}]}<\/script>\n<!-- \/ Yoast SEO plugin. -->","yoast_head_json":{"title":"Pr\u00eat automobile - DANEBEN KREDIT","robots":{"index":"index","follow":"follow","max-snippet":"max-snippet:-1","max-image-preview":"max-image-preview:large","max-video-preview":"max-video-preview:-1"},"canonical":"https:\/\/kreditdaneben.com\/index.php\/pret-automobile\/","og_locale":"fr_FR","og_type":"article","og_title":"Pr\u00eat automobile - DANEBEN KREDIT","og_description":"Cr\u00e9dit auto : financez votre nouvelle voiture Le pr\u00eat auto DANEBEN KREDIT Un Pr\u00eat Auto adapt\u00e9 \u00e0 vos envies de voiture auquel vous pouvez souscrire 100% en ligne\u00a0 Vous souhaitez acheter une voiture ? Neuve ou d\u2019occasion, avec ou sans apport, quel que soit votre v\u00e9hicule de r\u00eave, le pr\u00eat auto vous permet de le [&hellip;]","og_url":"https:\/\/kreditdaneben.com\/index.php\/pret-automobile\/","og_site_name":"DANEBEN KREDIT","article_modified_time":"2025-04-20T19:37:35+00:00","og_image":[{"width":700,"height":400,"url":"https:\/\/kreditdaneben.com\/wp-content\/uploads\/2025\/03\/Pret-automobile.jpg","type":"image\/jpeg"}],"twitter_card":"summary_large_image","twitter_misc":{"Dur\u00e9e de lecture estim\u00e9e":"2 minutes"},"schema":{"@context":"https:\/\/schema.org","@graph":[{"@type":"WebPage","@id":"https:\/\/kreditdaneben.com\/index.php\/pret-automobile\/","url":"https:\/\/kreditdaneben.com\/index.php\/pret-automobile\/","name":"Pr\u00eat automobile - DANEBEN KREDIT","isPartOf":{"@id":"https:\/\/kreditdaneben.com\/#website"},"primaryImageOfPage":{"@id":"https:\/\/kreditdaneben.com\/index.php\/pret-automobile\/#primaryimage"},"image":{"@id":"https:\/\/kreditdaneben.com\/index.php\/pret-automobile\/#primaryimage"},"thumbnailUrl":"https:\/\/kreditdaneben.com\/wp-content\/uploads\/2025\/03\/Pret-automobile.jpg","datePublished":"2024-03-22T13:07:14+00:00","dateModified":"2025-04-20T19:37:35+00:00","breadcrumb":{"@id":"https:\/\/kreditdaneben.com\/index.php\/pret-automobile\/#breadcrumb"},"inLanguage":"fr-FR","potentialAction":[{"@type":"ReadAction","target":["https:\/\/kreditdaneben.com\/index.php\/pret-automobile\/"]}]},{"@type":"ImageObject","inLanguage":"fr-FR","@id":"https:\/\/kreditdaneben.com\/index.php\/pret-automobile\/#primaryimage","url":"https:\/\/kreditdaneben.com\/wp-content\/uploads\/2025\/03\/Pret-automobile.jpg","contentUrl":"https:\/\/kreditdaneben.com\/wp-content\/uploads\/2025\/03\/Pret-automobile.jpg","width":700,"height":400},{"@type":"BreadcrumbList","@id":"https:\/\/kreditdaneben.com\/index.php\/pret-automobile\/#breadcrumb","itemListElement":[{"@type":"ListItem","position":1,"name":"Accueil","item":"https:\/\/kreditdaneben.com\/"},{"@type":"ListItem","position":2,"name":"Pr\u00eat automobile"}]},{"@type":"WebSite","@id":"https:\/\/kreditdaneben.com\/#website","url":"https:\/\/kreditdaneben.com\/","name":"Crevits Financer","description":"Le cr\u00e9dit qu&#039;il vous faut","publisher":{"@id":"https:\/\/kreditdaneben.com\/#organization"},"potentialAction":[{"@type":"SearchAction","target":{"@type":"EntryPoint","urlTemplate":"https:\/\/kreditdaneben.com\/?s={search_term_string}"},"query-input":{"@type":"PropertyValueSpecification","valueRequired":true,"valueName":"search_term_string"}}],"inLanguage":"fr-FR"},{"@type":"Organization","@id":"https:\/\/kreditdaneben.com\/#organization","name":"Crevits Financer","url":"https:\/\/kreditdaneben.com\/","logo":{"@type":"ImageObject","inLanguage":"fr-FR","@id":"https:\/\/kreditdaneben.com\/#\/schema\/logo\/image\/","url":"https:\/\/kreditdaneben.com\/wp-content\/uploads\/2024\/03\/cropped-logo-daneben.jpg","contentUrl":"https:\/\/kreditdaneben.com\/wp-content\/uploads\/2024\/03\/cropped-logo-daneben.jpg","width":512,"height":146,"caption":"Crevits Financer"},"image":{"@id":"https:\/\/kreditdaneben.com\/#\/schema\/logo\/image\/"}}]}},"_links":{"self":[{"href":"https:\/\/kreditdaneben.com\/index.php\/wp-json\/wp\/v2\/pages\/131","targetHints":{"allow":["GET"]}}],"collection":[{"href":"https:\/\/kreditdaneben.com\/index.php\/wp-json\/wp\/v2\/pages"}],"about":[{"href":"https:\/\/kreditdaneben.com\/index.php\/wp-json\/wp\/v2\/types\/page"}],"author":[{"embeddable":true,"href":"https:\/\/kreditdaneben.com\/index.php\/wp-json\/wp\/v2\/users\/1"}],"replies":[{"embeddable":true,"href":"https:\/\/kreditdaneben.com\/index.php\/wp-json\/wp\/v2\/comments?post=131"}],"version-history":[{"count":46,"href":"https:\/\/kreditdaneben.com\/index.php\/wp-json\/wp\/v2\/pages\/131\/revisions"}],"predecessor-version":[{"id":1295,"href":"https:\/\/kreditdaneben.com\/index.php\/wp-json\/wp\/v2\/pages\/131\/revisions\/1295"}],"wp:attachment":[{"href":"https:\/\/kreditdaneben.com\/index.php\/wp-json\/wp\/v2\/media?parent=131"}],"curies":[{"name":"wp","href":"https:\/\/api.w.org\/{rel}","templated":true}]}}